ose -24 = -8*k - 32. Let n be 2*k + 225/15. Let d(x) = x**3 - 11*x**2 - 25*x - 13. What is d(n)?
0
Let u(t) = 3*t**3 - 15*t**2 + 73*t - 360. Let f be u(5). Let y(b) be the third derivative of 1/60*b**5 - 1/4*b**4 + 0*b + b**2 + 0 + 1/3*b**3. What is y(f)?
-3
Let r be (-1)/(-4 + (4 - 3/24)). Let h(s) = 8*s + s - r*s - 3*s - 8. What is h(-7)?
6
Let q(i) = i**3 - 9*i**2 + 7*i - 3. Let a(j) = 5*j**2 + 16*j**3 - 48*j**3 + 18*j**3 + 13*j**3 - 2*j + 18. Let f be a(5). Give q(f).
-11
Let q(u) = 7*u - 6. Let g(o) = -20*o + 7 + 36*o - 21*o. Let j(l) = 4*g(l) + 3*q(l). What is j(-6)?
4
Let c be (41 + -17 - 19) + -23 + -2. Let i(l) = 2*l + 39. Give i(c).
-1
Let k(z) = z**3 + 2*z**2 - 3*z - 1. Suppose -6*x + 25 = -x. Suppose -4*d + 0*m = -2*m + 4, d - x = 2*m. Let s be (2/10*d)/(1/5). Give k(s).
-1
Let d be (3 + -5)/2 + 2. Suppose -3*p + p = -0*p. Let s(w) = -6*w + 8*w + p*w. What is s(d)?
2
Let s(g) = -4*g + 2. Let i(m) = m**3 - 12*m**2 + 8*m + 39. Let c be i(11). What is s(c)?
-22
Let w(j) = j**2 + 6*j + 2. Let s = -13 - -8. Let o be w(s). Let c(h) = -21*h + 11*h - 2*h**2 - 1 + 4*h**2 + 5*h + 3*h. Give c(o).
23
Suppose 5*o = -4*n + 2516 - 2510, -n = -o + 12. Let d(c) = -14*c - 3. Let g(f) = -5*f - 1. Let v(q) = -6*d(q) + 17*g(q). Determine v(n).
7
Let b = 4382 + -4376. Let l(q) = q**3 - 6*q**2 + 3*q. Determine l(b).
18
Let v = -2410 - -2405. Let x(j) be the third derivative of 1/12*j**4 + 0*j + j**3 - 2*j**2 + 0. What is x(v)?
-4
Let p = -7199 + 7198. Let r(v) = -18*v**2 - 2*v - 2. What is r(p)?
-18
Suppose -2*h + 304 = 8*r - 3*r, 5*r - 4*h - 292 = 0. Let o be (24 - 1) + (-2 - -5). Let b(a) = 35 - a + o - r. What is b(-5)?
6
Let v(d) = d**2 + 21*d - 156. Let h be (-1)/((25/(-6))/(-5) + (-12)/12). What is v(h)?
6
Let u(r) = -11*r**3 + r**2 + r + 1. Suppose 4*p + 3*m + m = 12, -5*m - 17 = -3*p. Suppose -h + 10*h + 18 = 0. Let q be h*((-9)/(-2) - p). Determine u(q).
12
Let i(f) = -3*f**2 - f + 4. Suppose -10 = 2*y, -2*q + 3*q - 3*y - 17 = 0. Suppose 156 = -5*n - 3*a, 0 = -q*n + 2*a + 38 - 110. Let h = n - -30. What is i(h)?
-20
Let g(i) = -4*i**3 + 4*i**2 - 4*i + 2. Suppose 16 = 4*f + 2*z, 3*z = 4*f + 2*z - 28. Let s be f - (-12)/(1 - 4). Calculate g(s).
-22
Let d = -1894 + 1898. Let s(o) = 9*o. Determine s(d).
36
Let n(v) = 16*v**2 - 15*v**2 + 13*v - 5 + 6 - 2 - 15*v. Suppose -10 = t - 6*t. What is n(t)?
-1
Let m(b) = b**2 - 2*b - 136. Suppose 472*n = 473*n + 2, 4*n = 2*j - 32. What is m(j)?
-16
Let l be 3/(-2 - (0 - 3)) + -5. Suppose -z + 54 = z. Let q(p) = -32 + p**2 - 2*p - z + 56. Calculate q(l).
5
Let h(x) be the first derivative of x**4/2 + 8*x**3/3 + 7*x**2/2 - 8*x - 10830. Calculate h(-4).
-36
Let p(r) be the third derivative of r**4/8 - 8*r**2 + 13. Determine p(-6).
-18
Let t(z) be the second derivative of -1/10*z**5 - 1/2*z**2 + 1/12*z**4 - z + 0*z**3 - 2. Determine t(1).
-2
Let p(a) be the first derivative of -a**4/4 - a**3 + 5*a**2/2 - 21*a - 382. Determine p(-5).
4
Let a(p) = 0*p + 75 - 81 + 2*p - 2*p + 4*p**2 + 3*p. Give a(2).
16
Let i(o) be the second derivative of o**4/6 - 4*o**3/3 - 4*o**2 - 691*o. Calculate i(-3).
34
Let k(d) = 23*d**2 + 8*d + 15. Let n(g) = -25*g**2 - 9*g - 18. Let q(v) = 7*k(v) + 6*n(v). Calculate q(-3).
90
Let i(z) = -142*z - 1. Let u(g) = -290*g + 8. Let b(t) = -4*i(t) + 2*u(t). Give b(-9).
128
Let b(u) be the second derivative of -u**5/20 - 13*u**4/12 + u**3/3 + 45*u**2/2 - 1553*u. Calculate b(-13).
19
Let p(u) = -14 - u + 4*u + 4 + 2*u**3 + 11*u**2 - 2*u - 9. Give p(-5).
1
Let x be ((-4)/(-2) - 3) + (-14)/(-7) + -4. Let y(l) = l**2 + 5. Let c(z) = -2*z**2 - z - 4. Let n(t) = -3*c(t) - 2*y(t). Determine n(x).
29
Let i(m) = -m**3 - 17*m**2 + m + 16. Suppose 2*c = 2, -5*c + 17 = 7*r - 3*r. Suppose 100 = -5*d + r*v, 3*d = 6*v - 11*v - 26. Give i(d).
-1
Let u(i) be the first derivative of 11*i**2/2 + 70*i - 1140. Give u(-7).
-7
Suppose -3*k + 117 = 2*r, -3*r - 4*k = -215 + 38. Suppose r = -2*f + f. Let y = 64 + f. Let n(c) = 7*c**2 - 2*c + 1. What is n(y)?
6
Let x(c) = -85*c + 15. Let b(t) = -71*t + 12. Let h(a) = -6*b(a) + 5*x(a). Calculate h(-4).
-1
Let p(o) be the second derivative of -o**4/12 - 17*o**3/6 - 17*o**2 - 310*o. Give p(-9).
38
Let o(v) = -7 - v**2 + 3 - 9 - 23 + 3 + 13*v. Give o(12).
-21
Let j(q) = -q - 1. Let b = 46 + -226. Let v = 178 + b. Calculate j(v).
1
Let u(m) = 7*m - 29. Let r be u(5). Let t(i) = 1 + 2 - 20*i + 13*i + r*i. What is t(7)?
-4
Suppose 6*p - 164 = 10*p. Suppose 71 = -4*h - 69. Let t = p - h. Let a(b) = 4*b + 1. Calculate a(t).
-23
Let z(v) be the second derivative of 1/12*v**4 - v**2 + 1/6*v**3 - 7*v + 0. Let n = -59 - -56. What is z(n)?
4
Suppose -194*r - 3106 = -390. Let g(l) = 2*l + 39. Let o(m) = 2*m + 40. Let j(n) = -6*g(n) + 5*o(n). Give j(r).
-6
Let j(z) = 2*z**2 + 3*z + 4. Let y(b) = -b**2 - 2*b - 4. Let f(d) = 3*j(d) + 3*y(d). Give f(-2).
6
Let o(p) = -p + 2. Let f = 11 - 6. Suppose 2*m + 13 = 4*m - 5*d, -5*m = 2*d - 76. Let g = m - f. Calculate o(g).
-7
Let t(k) = -5*k**2 + 5*k - 53. Let y(i) = -3*i**2 + 3*i - 35. Let u(c) = -5*t(c) + 8*y(c). Determine u(0).
-15
Let g(h) be the third derivative of h**4/4 + 17*h**3/6 - h**2 + 3*h - 182. What is g(-15)?
-73
Let j be ((-88)/(-12) - 4)*12. Let v(x) = 20 - j - 9*x + x**2 + 23. What is v(7)?
-11
Suppose 3*i + j = 117, 26*j - 170 = -4*i + 27*j. Let s(w) = w**2 - 27*w - 579. Calculate s(i).
-5
Let k(x) be the second derivative of x**3/2 - 7*x**2/2 - 69*x. Let s = -144 + 148. What is k(s)?
5
Let c(p) = -p - 9. Let x = 245 - 279. Let h be ((-2)/5)/(2/(-120)). Let i = h + x. Give c(i).
1
Let y(w) be the first derivative of 0*w**2 - 3*w + 39 + 4/3*w**3 + 1/4*w**4. Give y(-4).
-3
Let j be (7 + -6)/(-2*1/(-94)). Let d = -41 + j. Let r be (-3)/2*d/9. Let b(f) = -10*f**2 - 1. Give b(r).
-11
Let p = 158 - 156. Let z(y) = -1 + 0 - y + 7*y**2 - 6*y**2 + 16*y**p. Calculate z(-1).
17
Let k(u) = -4*u + 3 + 10*u - 4*u**2 + 0*u**2 + 5*u. Let z(y) = y**2 - 4*y. Let d(r) = k(r) + 3*z(r). Give d(2).
-3
Let m(t) = 3*t + 23. Let o be (8 - 1968/248 - (-33)/(-31))*0. Calculate m(o).
23
Let r(y) = 340*y - 11. Let h(o) = -295*o + 10. Let z(a) = -7*h(a) - 6*r(a). Determine z(1).
21
Let h = 12 - 16. Let m(b) = -b**3 + 3*b**2 + 15*b + 3. Let s(l) = l**3 - 4*l**2 - 12*l - 3. Let x(t) = h*m(t) - 5*s(t). Determine x(8).
3
Let t(c) = 5*c**2 + 12*c - 10. Suppose -f - 4 + 18 = -2*u, 3*u - 5*f + 35 = 0. What is t(u)?
55
Let u = 8757 - 8758. Let y(i) = 2*i**3 + 2*i**2 + 3*i - 4. Let w(l) = l**3 + 2*l**2 + 4*l - 5. Let b(p) = -3*w(p) + 4*y(p). Determine b(u).
-4
Suppose 0 = 8*m - 0 - 16. Suppose 0 = -5*z - 5*b + 35, -m*z + 2*b = -z - 10. Let q(s) = 4*s**3 - 6*s**3 + 5 + 7*s**2 - 6*s**3 + 8*s + 7*s**3. Determine q(z).
5
Let y be 0/(-2 - -1) + 1. Let p be (15 - 29 - -12)/(-3 - (-271)/91). Let l(n) = -4*n - p*n**2 + y - 3*n + 92*n**2. Calculate l(7).
1
Let b(t) = -4*t - 8. Let c be (-1)/(-4) - (-45)/(-20). Let a be 5/c + 3/12*-2. Give b(a).
4
Suppose 10 = u - 4*w, -2 = -2*u + 2*w - 0*w. Let o(j) = -17*j**3 - 18*j**2 + 16*j + 32. Let g(r) = r**3 + r**2 - r - 2. Let t(n) = -15*g(n) - o(n). Give t(u).
-4
Let h(u) = -59*u - 1. Let w be h(-1). Let a = w + -60. Let g(o) be the third derivative of o**4/12 - o**3/3 + 10*o**2. Determine g(a).
-6
Suppose 2*q - 5*k + 14 = 0, 12 = -3*k + 6*k. Let m(l) = -7*l**2 + 3*l + 4. Calculate m(q).
-50
Suppose -58 = -l - 56. Let y(n) = 3160 - 3152 - 11*n - n**3 - 6*n**2 + l*n**3. Calculate y(7).
-20
Let o(z) = -247*z - 1 + z**2 - 15 + 237*z. Let a = 91 - 80. What is o(a)?
-5
Let r(n) = -6*n**3 - 2*n**2 + n. Let v(h) = h**3 + 3*h**2 - 2*h - 5. Suppose -6*d + 7 = 19. Let y be v(d). Suppose -2*q = q - y. What is r(q)?
-7
Let g(j) = 605*j**2 + 7*j + 7*j + 0 - 611*j**2 - 1. Give g(3).
-13
Suppose 54*a = 32181 + 6051. Let m = a + -709. Let j(g) = 12*g**2 - g + 4*g - 2*g. Determine j(m).
11
Let z(c) = -10*c**2 + 63*c - 13. Let g(m) = 5*m**2 - 36*m + 6. Let t(p) = -9*g(p) - 5*z(p). Determine t(-4).
55
Let f be (3/30)/(-1) - 3/(-30). Let v(x) = -5 - x + 3*x + 0*x. Let o(m) = -m + 2. Let u(k) = 7*o(k) + 4*v(k). Determine u(f).
-6
Let g(n) = n**2 - 22*n + 106. Let q be g(14). Let v(c) = -c**3 - 6*c**2 - c - 5. What is v(q)?
1
Suppose 2*o + 5*f - 216 = 0, 3*o - 2*f + 4*f = 313. Let r(j) = -o*j - j**3 - 51 + 14 + 0*j**3 + 0*j**3 - j**2 + 104*j. Calculat